of d(4)?
2
Let h(m) = -9*m - 3*m + 14 - 14. Suppose 0 - 3 = 3*o. List the prime factors of h(o).
2, 3
Let t(v) = -2 - 5*v**2 + v**3 + 7*v - 2*v + 12*v**2. Let r be t(-6). What are the prime factors of 2/r - 9/(-2)?
5
Let c(d) = -d**2 - 9*d - 12. Let x be c(-8). Let u be (1 - x)*44/10. Suppose -u + 8 = -2*q. List the prime factors of q.
7
Let g = -1 - -10. Suppose g = -2*a - 5*m, -2*a - 2 = -2*m - 14. Suppose -2*h = a*h - 15. What are the prime factors of h?
3
Let j be 34/10 + (-4)/10. What are the prime factors of j/(9/150) - -1?
3, 17
Let s be (-3 + (-16)/(-6))*-147. Suppose -3*b + 4*u = -0*b - s, 4*u = 5*b - 71. What are the prime factors of b?
11
Suppose x - 5*x + 232 = 0. List the prime factors of x.
2, 29
List the prime factors of (-12)/(2/6 - 26/24).
2
List the prime factors of (-490)/5*3/(-2).
3, 7
Suppose 4*a - 200 = 416. What are the prime factors of a?
2, 7, 11
Let r(s) = -5 - s + s**3 + 6*s**2 - 6*s - s. Let k be -14*4/32*4. List the prime factors of r(k).
2
Suppose -f = -r - 8, 4*f + 0*r = 5*r + 36. Let w be 4*1 - (-2 - 1). Suppose -3*y = 4*u - w, f*y = y - 9. What are the prime factors of u?
2
Suppose -5*i - 23 = 2*b, -3*i - 25 = 4*b - 0. Let w = b - -15. List the prime factors of w.
11
Let o be 1 + (-5)/(-1 - -6). Suppose 38 = 4*l - 6. Suppose -3*y + 16 + l = o. What are the prime factors of y?
3
Let n be -16 + (-1)/((-2)/6). Let b = -10 - n. List the prime factors of b.
3
Let t(c) = -c - 4. Let b be t(-5). Let s(x) = -3*x + 1. Let y be s(3). Let r = b - y. What are the prime factors of r?
3
Suppose -6*z + w + 18 = -z, 4*z + 4*w = 0. Suppose -d - 1 = 0, -3*o + 44 = 2*o + d. Suppose z*i = o + 12. List the prime factors of i.
7
Suppose 13*n - 3*n = 980. List the prime factors of n.
2, 7
Let t(f) = 3*f**2 + 0*f - 1 + f - 2*f. Let o be t(-1). Let d = o + 2. List the prime factors of d.
5
Let w = -12 + 9. Let j(a) = -a**3 + 2*a**2 - a. Let y be j(w). Suppose -2*o = -4*i + y, -i + 0*i - o = -9. List the prime factors of i.
11
Suppose 280 = 5*d + 5*v, -v = -0*v - 5. Suppose -3*u = o - d, -5*u + 0*u + o = -93. Let z = u + -8. List the prime factors of z.
2, 5
Let v be 4/3*(-21)/(-2). Let k = 364 - 186. List the prime factors of 2/7 + k/v.
13
Let l(z) = -z**3 - 4*z**2 - z. Let k be l(-4). Let u = -1 + k. Suppose -1 - 1 = -j, j - 50 = -u*y. List the prime factors of y.
2
Let x(f) = -f**3 + 7*f**2 + 8*f + 2. Let n be x(8). Suppose 12 = -5*c + n. What are the prime factors of (2/3)/(c/(-51))?
17
Suppose 121 = -2*y + 39. Let v = 63 + y. List the prime factors of v.
2, 11
Let k be 56/(-7)*(-6)/4. Let c = k - 21. What are the prime factors of 29/3 - (-6)/c?
3
Let x = -4 + -1. List the prime factors of 3/(-1) - (-16 + x).
2, 3
Let l = -5 + 7. Suppose l = -0*x + x. What are the prime factors of x + -2 - (0 + -6)?
2, 3
Suppose -3 = -i - 0*i. Suppose i*p = -j + 21, 7*p = 4*j + 2*p - 16. What are the prime factors of 8/((-6)/j*-3)?
2
Let m(f) = -f**2 - 8*f + 5. Let o be m(-6). Let w = o + -5. Suppose -3*r - 5*l + w = -2, 3*r = l + 44. What are the prime factors of r?
13
Let d = 132 - 113. List the prime factors of d.
19
List the prime factors of (2/(-5) - (-12)/(-20))*-56.
2, 7
Let n(o) = -o**3 + 5*o**2 - 3*o - 4. Let s be n(4). Let g(m) = -m**3 + m**2 + m + 3. Let b be g(s). Let d = b - 0. What are the prime factors of d?
3
Let i(w) = w + 4. Let f(z) = 2*z. Let k be f(2). List the prime factors of i(k).
2
Let y = 34 + -2. Suppose -4*b + 2*i = -2*i - y, -32 = -2*b - 2*i. What are the prime factors of b?
2, 3
Suppose -4*s + 4*y + 304 = 0, 6*y = 2*s + 3*y - 148. Let d = 7 - -11. Suppose -s = -5*o - 3*z - d, 20 = 5*z. What are the prime factors of o?
2, 5
Let r(u) be the first derivative of u**3/3 - u**2 - 6*u - 4. Let c be r(-4). Let w = -9 + c. What are the prime factors of w?
3
Suppose -q - 3*l = q - 5, l = -3*q - 3. Let g be (-4)/2 - (q + -10). List the prime factors of g + 2 - 1*2.
2, 5
Let p(w) = -7*w - 4. Let l be p(-4). Suppose -4 + l = 2*g. Suppose -2*j + 0*j = -g. List the prime factors of j.
5
Suppose -3*j = -602 + 200. List the prime factors of j.
2, 67
Suppose -2*w = -5*w + 6. List the prime factors of 65/7 - w/7.
3
Suppose -4*s + s = -5*u + 535, 3*u = -2*s + 302. List the prime factors of u.
2, 13
Let i = -3 + 8. Suppose 0 = -2*t + 2*o - 0*o + 8, 2*t + i*o = 15. Suppose 2*x + 3 = -c - 1, -t*c + 36 = -4*x. List the prime factors of c.
2
Let p = -1 + -3. Let w(g) = -g**3 - 2*g**2 + 6*g + 2. List the prime factors of w(p).
2, 5
Let c(g) = -g**2 - 9*g - 3. Let v be c(-6). Let z be 3 + -2*1 + 2. Suppose -z*i + 3 = -v. What are the prime factors of i?
2, 3
Let k be (4/(-3))/((-4)/12). Let r = k - -3. List the prime factors of r.
7
Let z be (2/2)/(-1) + 4. Suppose w - 7 - 6 = -2*c, 2*c + 63 = 3*w. Suppose z*y = w + 17. What are the prime factors of y?
2, 3
Let z = -10 - -11. Let a = 16 - z. What are the prime factors of a?
3, 5
Let r = 15 + -12. Suppose 2*l = -4*p - 2*l + 124, r*l = 5*p - 139. What are the prime factors of p?
29
Let s(u) = -u**3 - 3*u**2 - 4. Suppose 3*g - 5*l = -2 - 28, g - l + 8 = 0. What are the prime factors of s(g)?
2, 23
Suppose -2*l = 7 - 3. Let p = l + 4. What are the prime factors of p?
2
Let c(a) = -a**2 + 5*a - 3. Let d be c(3). Suppose -r = d - 25. What are the prime factors of r?
2, 11
Suppose 0*m = 2*m - 72. List the prime factors of m.
2, 3
Suppose -6*l = -403 - 65. List the prime factors of l.
2, 3, 13
Suppose 4*h - 95 = 113. What are the prime factors of h?
2, 13
Let m(s) = s + 7. Let i be m(-4). List the prime factors of (-40)/10*i/(-4).
3
Let j(i) = 26*i + 4. Let w be j(-3). Let f = w + 110. Suppose 0 = 3*n - 6*n + f. What are the prime factors of n?
2, 3
Suppose -3*a - 5 = -0*f - 5*f, 3*a - 19 = -f. Let g = 14 + -8. Suppose f*p - p = g. What are the prime factors of p?
2
Let p(f) = -f**2 - 9*f. Let c be p(-9). Suppose 5*a - 6 = -z, 5*z + c*a = 5*a + 60. What are the prime factors of z?
11
Let d be (-1 + -1)/(2/(-3)). Let i = d + -1. Suppose j - i - 9 = 0. What are the prime factors of j?
11
Let i be 3/6*0/(-2). List the prime factors of (-7 - -40)*(i + 1).
3, 11
Let c(t) = -7*t. Let o be c(-2). Suppose -3*r + o = -16. List the prime factors of r.
2, 5
What are the prime factors of (3 + 0)*(-22)/(-6)?
11
List the prime factors of 13 + 0/(-2 + -1).
13
Let i = 146 + -95. List the prime factors of i.
3, 17
Let o = 7 + -4. Let c(k) = k + k + 1 - o. What are the prime factors of c(4)?
2, 3
Suppose -3 = 5*a - 28, 0 = r + 4*a - 13. Let h(c) = c + 9. What are the prime factors of h(r)?
2
Suppose -2232 = -22*q + 14*q. What are the prime factors of q?
3, 31
Let n(l) = -2*l - 1 + 25*l**2 + 1 - 23*l**2. Let m be 14/(-6) + (-2)/(-6). What are the prime factors of n(m)?
2, 3
Let i(m) = m**2 - 4*m + 3. Let d be i(2). Let p = 1 - d. Suppose p*k - 5*u = 34, -2*k - 4*u = u - 14. What are the prime factors of k?
2, 3
Let c be 12/(-4) - -47 - 2. Suppose 8*o - c = 5*o. What are the prime factors of o?
2, 7
List the prime factors of (-100)/(-6)*(-3 - 3)/(-2).
2, 5
Let g = 19 + -7. List the prime factors of 1/2 + 414/g.
5, 7
Let b(g) = 6*g**2 - 5*g + 34. List the prime factors of b(6).
2, 5, 11
Let z = -100 - -177. What are the prime factors of z?
7, 11
Let a be (-1 - 1)/(6/(-15)). Let w = -4 - -10. Suppose -x + w + a = 0. List the prime factors of x.
11
Let q = 63 + -20. List the prime factors of q.
43
Let f(q) = 5*q - 8. Let t = 6 - 0. Let z be f(t). Let r = z - 11. List the prime factors of r.
11
Let y(n) = -n**2 - n + 4. Let p be y(-3). Let a = p - -3. Suppose -2 = -i + a. List the prime factors of i.
3
Let w = 5 + -14. Let i = 32 + w. List the prime factors of i.
23
Let d(j) = 7*j**2 + 2*j. Let m(h) = -15*h**2 - 4*h + 1. Let v(l) = 7*d(l) + 3*m(l). List the prime factors of v(-2).
3, 5
Let h(k) = k**3 - 11*k**2 + 8*k - 6. List the prime factors of h(11).
2, 41
Let f(s) = 12*s**2 - 2*s + 1. Let k be (2/10)/(7/35). What are the prime factors of f(k)?
11
Let y = 6 - -5. Let w = -4 + y. List the prime factors of w.
7
Let q = 8 - 15. Let u(b) = -3*b - 2. List the prime factors of u(q).
19
Let d be 7 - 7 - (6 + -1). Let i = 3 - d. What are the prime factors of i?
2
Let y = -60 - -108. List the prime factors of y.
2, 3
Let f be (2 - 4)/(2/26). Let b(h) = -8*h - 3. Let o be b(5). Let q = f - o. What are the prime factors of q?
17
